sor of 58 and q.
29
Let v(l) = l**2 - 2*l + 4. Let t be v(0). Calculate the greatest common factor of 2 and t.
2
Let p(k) = -k - 4. Let w be p(-6). Suppose w*b = -b + 36. Let f = 45 - -15. What is the highest common factor of b and f?
12
Let l be 8 + 1 - (0 + (-2)/(-1)). Calculate the highest common divisor of 7 and l.
7
Suppose 5*f - 362 = q, 0 = 3*f - 2*q + 3*q - 214. Let w(j) = 5*j**2 - j. Let g be w(2). What is the highest common divisor of f and g?
18
Suppose -4*u + 13 + 9 = -5*m, -m = -u + 5. Let f be 26 + (m - 3) + 2. What is the highest common factor of f and 92?
23
Let q = 2 + 18. Let r(v) = -v**3 + 6*v**2 + 2*v - 8. Let b = 2 - -4. Let y be r(b). What is the greatest common divisor of y and q?
4
Suppose -28 = -3*i - h, 5 - 12 = -2*i - 3*h. Let b(v) = 4*v**2 + 53*v + 14. Let j be b(-13). Calculate the highest common factor of j and i.
1
Suppose -3 + 7 = 2*x. Let o(d) = 2*d**2 - 4*d + 3. Let k be o(x). Suppose -91 = -p - k. Calculate the greatest common factor of p and 8.
8
Let h be (-9)/(-3) + -6 - -2. Let d be 62/2 - (-3 + h). What is the highest common divisor of 7 and d?
7
Suppose -3*o + 15 = -21. Let s = 82 - 76. What is the highest common factor of s and o?
6
Suppose 2*l - 23 = 11. Calculate the highest common factor of 17 and l.
17
Let n(i) = 16*i + 6. Let j be n(3). What is the highest common divisor of j and 36?
18
Suppose -3*n = -3*l - 216, -2*n + 4*l = -0*n - 136. Let p(z) = -z**2 - 8*z + 4. Let k be p(-5). Calculate the greatest common divisor of k and n.
19
Suppose 0 = -d - 3*d + n + 41, 5*d - 47 = -3*n. Let y = 23 - 13. What is the highest common factor of d and y?
10
Let p = 19 + 0. Let l(v) = 9*v**2 - 9*v + 1. Let c be l(2). Calculate the highest common divisor of c and p.
19
Let m be (-30)/(4 + 57/(-12)). Calculate the greatest common factor of m and 100.
20
Suppose -3*t + 43 + 7 = -4*n, -5*t - 4*n = -30. What is the highest common divisor of 2 and t?
2
Let p(h) = h**2 + 9*h. Let y be p(-15). What is the greatest common factor of 20 and y?
10
Let d(z) = -2*z**3 - 23*z**2 - 19*z - 11. Let j be d(-11). Calculate the highest common divisor of j and 7.
7
Let n(m) = -m + 10. Let b be 14 + -4 - (-1 - -2). Let x be n(b). Calculate the greatest common factor of 2 and x.
1
Let g = 33 - 7. Suppose 5*w = -r + 6, 18 - 66 = -2*r - w. Suppose -2*y = 3*f - r, 2*y = -2*f - 5 + 31. Calculate the highest common divisor of y and g.
13
Let z = 7 + -9. Let d be (9/z)/((-3)/8). Let u be (-40)/2*(-21)/d. Calculate the greatest common divisor of 7 and u.
7
Let m = -710 - -1018. Suppose 32 - m = -4*p. Calculate the greatest common factor of p and 23.
23
Let s = 39 - -6. Let w be (34/85)/(((-2)/90)/(-1)). What is the greatest common divisor of s and w?
9
Suppose -1 = u + 2*y, 3*y + 0*y - 16 = -5*u. Suppose 3*f = -u*o + 18, -1 = 2*f + 3*f - 2*o. Let z be 5*3*(f - 0). What is the greatest common factor of z and 6?
3
Suppose -4*h - 53 + 149 = 0. Let s be (32/6)/4*12. Suppose 3*b = 5*b - s. What is the highest common divisor of b and h?
8
Let x = 10 - 3. Suppose -o = -x + 2. Suppose 2*t + 5*p = o*t - 11, -t = -4*p + 8. Calculate the greatest common factor of t and 84.
12
Let z = -6 + 6. Let h be (1 - 0)*437*1. Suppose z = -3*g + h + 58. Calculate the highest common divisor of 15 and g.
15
Let v = -1 - -2. Let a = 6 + v. Let i = -90 + 160. What is the highest common divisor of i and a?
7
Let v = -15 - -9. Let k(n) = n + 4. Let a be k(5). Let m = a + v. What is the highest common factor of m and 15?
3
Suppose -5*a + 19 = -2*l, 3*l + 0*a + 3*a = 24. Calculate the highest common factor of 21 and l.
3
Let x = 2 - 0. Suppose x*f = -3*f + 25. Suppose f*t + 4*c = 20, 0*c + c = -5*t + 20. What is the highest common factor of 36 and t?
4
Let d be 0/((-3)/3) - -5. Let a = -1 - -4. Suppose d*o - 157 = -6*l + a*l, 2*l - 100 = -o. What is the highest common factor of 7 and l?
7
Let t be (-2)/(-9) - 980/36. Let m be ((-2)/3)/(6/t). Let n be (16/6)/(m/9). Calculate the greatest common factor of n and 4.
4
Let k(t) = -180*t - 8. Let x be k(-2). Calculate the greatest common divisor of x and 22.
22
Suppose -2*r + 6*s + 25 = s, 5*s = -2*r - 5. Let z(f) = 4*f**2 - f - 2. Let n be z(-4). Let c = 101 - n. Calculate the highest common factor of r and c.
5
Let d be 1*-2 + (-24)/(-6). Let j be 9/1 + d + 2. Let y = j + -6. Calculate the greatest common divisor of 63 and y.
7
Let k = 69 - 35. Calculate the highest common factor of 85 and k.
17
Let r(w) = 27*w**2 + 6*w + 12. Let y be r(-2). What is the greatest common divisor of 81 and y?
27
Let j be 10/25*(2 + -242). Let w = j - -208. Calculate the greatest common factor of w and 14.
14
Let x be (-22)/18*-3*6. What is the greatest common divisor of 33 and x?
11
Let k be (-15)/3 - 2*-25. Calculate the greatest common divisor of 36 and k.
9
Let y = -772 - -783. Let k(h) = 2*h**2 - 7*h + 7. Let b be k(5). Calculate the highest common factor of y and b.
11
Suppose 48 = 3*n + 4*k, -n + 16 = -0*k + k. Let m = -6 + n. What is the greatest common factor of 5 and m?
5
Let r(x) = -4 - 3*x - 1 - 2. Let u be r(-6). Calculate the highest common divisor of u and 55.
11
Suppose 3*i + 50 - 170 = 0. Suppose -3*d + i = -8. Let f(b) = b**2 - 8*b + 9. Let g be f(7). What is the greatest common divisor of g and d?
2
Let z be (-4)/2*210/20. Let h = 1 - z. What is the greatest common factor of 11 and h?
11
Let d = -8 - -16. Let y be (-59)/(-5) + 6/30. Suppose 8*l - y*l + 48 = 0. What is the highest common divisor of l and d?
4
Let w(k) = 5*k**3 - k**2 + k - 1. Let l be w(1). Let o = 7 + -2. Suppose 2*v + 53 = 6*v - o*i, 45 = 4*v + 3*i. What is the greatest common factor of v and l?
4
Let w(q) = -2*q + 8. Let x be w(-8). What is the highest common factor of x and 3?
3
Let u = 62 + -44. Suppose -4*o = -32 + 8. What is the highest common divisor of u and o?
6
Let p be 8 - (3/5 - (-49)/35). What is the greatest common factor of p and 4?
2
Let m(f) = f + 6. Let w be m(-6). Suppose w*u - 20 = -2*u. Let r be 84/15 - (-4)/u. Calculate the greatest common divisor of 54 and r.
6
Suppose 4*k = -0*k + 192. Let x(i) = -i - 2. Let t be x(-1). Let z = t - -33. Calculate the greatest common factor of k and z.
16
Suppose -21 = -3*i - 9*c + 4*c, -c = 4*i - 11. Let f be 8/(3 + (1 - i)). What is the highest common factor of 4 and f?
4
Let c(q) = -q**2 + 4*q + 5. Let v be c(4). Suppose -4*y = 0, v*o = 5*y + 2 + 8. Suppose -3*h = -53 - 13. Calculate the greatest common factor of h and o.
2
Suppose 5*q + 123 = -3*p + 523, 4*q + 544 = 4*p. What is the greatest common factor of 15 and p?
15
Let z be (0 + 16/(-6))*-3. Let k = 79 - 39. Calculate the greatest common factor of z and k.
8
Let j = 8 - 5. Let x(w) = w**2 + 1. Let u(n) = -3*n**2 + 4*n - 11. Let k(d) = -u(d) - 2*x(d). Let g be k(6). Calculate the greatest common factor of g and j.
3
Let j(b) = -2*b**2 - 12*b. Let p be j(-5). Calculate the greatest common divisor of p and 90.
10
Suppose 0*f - 2 = -f. Let y be (4/(-14) - 46/(-14)) + -1. What is the greatest common divisor of f and y?
2
Let a be (-12)/18 + 182/3. Calculate the greatest common factor of 12 and a.
12
Let m be 2/2 + -1 + 0. Suppose x = -m + 22. What is the greatest common factor of 22 and x?
22
Let o(s) = -s**2 - 15*s + 22. Let w be o(-16). Let c be (1/(-2))/((-2)/16). What is the highest common factor of w and c?
2
Suppose 56 = 4*h + 4. Suppose -6*y + 17 - 53 = 0. Let r be (117/y)/((-2)/12). What is the highest common factor of r and h?
13
Suppose 2 - 13 = -a. Let o = -7 + a. Calculate the highest common factor of o and 36.
4
Let a = -27 - -61. Calculate the greatest common factor of 2 and a.
2
Let w(o) = o**3 - o**2 - 8*o + 72. Let d be w(0). Suppose 90 = q + 4*q. What is the greatest common factor of q and d?
18
Let h(p) = 17*p**2 + p. Let m be h(-1). Calculate the highest common divisor of 8 and m.
8
Suppose -2*s = -4*k - 14, 0 + 24 = -4*k + 4*s. Let w(r) = -34*r - 1. Let g be w(k). Suppose -17 = -2*x + g. Calculate the greatest common divisor of x and 250.
25
Let i be (2 + -4)*(-8)/4. What is the greatest common factor of 32 and i?
4
Let x(n) = -3*n + 8. Let d be x(6). Let c(b) = b**2 + 9*b - 5. Let o be c(d). What is the highest common divisor of o and 2?
1
Suppose 4*z = 8 - 0. Let c be (-580)/(-28) + z/7. What is the highest common factor of